
7
Suppose -2*l = -13*l. Suppose l = 5*q - 1494 - 361. What is the hundreds digit of q?
3
Let o(w) = 5*w**3 + 11*w**2 + w - 30. What is the hundreds digit of o(8)?
2
Let f(k) = 99 - 43 + 156 + 64 + 15*k + 34. What is the hundreds digit of f(-8)?
1
Suppose 0 = 3*n - 2 - 7. Suppose -f = -n, -3*u - 3*f = -5*f - 6. Suppose w + 91 = 2*a - 93, -u*a - w + 380 = 0. What is the units digit of a?
4
Let n(k) = k**2 - 9*k + 22. Let x be n(12). Let f = 134 + x. Suppose f = 5*d - 5*s - 308, 3 = -s. What is the tens digit of d?
9
Let s = -807 - -888. What is the tens digit of s?
8
Let x be 20/(-170) - 10474/(-17). Suppose 0 = c + 2*t - 302, -7*c - t + x = -5*c. What is the hundreds digit of c?
3
What is the tens digit of (-2)/20 - 19/570*-9843?
2
What is the thousands digit of (-836766)/(-217) - -6 - (-4)/(-62)?
3
Suppose 16*r = 49 - 1. Suppose w = -r*c + 937, -5*w = -c - 324 - 4329. What is the hundreds digit of w?
9
Let v be 4/(-2) + (-68)/(-17). Suppose -19*s + v*s + 9061 = 0. What is the tens digit of s?
3
Let g be (2/(-12) - (-26)/12) + 149. Suppose -n + g = 65. What is the tens digit of n?
8
Let j = -304 + 1022. Let m = j - 126. What is the hundreds digit of m?
5
Let k = 291 - 276. What is the tens digit of (-7 - (-5315)/25)/(6/k)?
1
What is the hundreds digit of 3/1 + (1020438/27 - 8)?
7
Suppose -5*h = -o + 13, 0 = -31*h + 35*h - 5*o + 23. Let m(f) = 431*f**2 + 21*f + 36. What is the thousands digit of m(h)?
1
Suppose 14*j - 3*j - 550 = 0. Let p be (-1 + -1)/(4/j). What is the hundreds digit of 62/(2 - p/(-15))?
1
Let n(t) = 26*t**2 - 197*t + 1367. What is the hundreds digit of n(7)?
2
Let t be (-1 + -1)/(3 + -3 - 1). Suppose -t*z = 5*g - 14, 3*g + 0*z = -4*z. Suppose -u + g*u = 354. What is the units digit of u?
8
Suppose 121690 = -6*o + 9*o - 4*b, -3*b + 121641 = 3*o. What is the ten thousands digit of o?
4
Suppose 0 = -4*j + 4, 5*k = -3*j + 2*j + 21. Suppose -2*w = 3*h - 1002, -2*h - 1503 = w - k*w. Suppose 3*y + 0*y = w. What is the units digit of y?
7
Let q be (-2 - -10) + 54/(-18). Suppose 4233 + 847 = q*h. What is the units digit of h?
6
Let t(b) = 2*b + 28. Let p be t(-9). Let w be p - (-3)/(-9)*3. Suppose -3*h + 299 = -z - 295, 3*z + w = 0. What is the tens digit of h?
9
Suppose 0 = 3*p - 7*p + 5056. What is the hundreds digit of -24 + 18 - (0 - p)?
2
Let o = -54 + 128. Let v = o + -77. What is the units digit of v/(-3)*7*240/14?
0
Suppose 7*n - 3*n - n = 0. Suppose 4*a - 24 = r - 123, 2*a + 3*r + 39 = n. Let c = a + 162. What is the tens digit of c?
3
Suppose 0 = -60*d + 57*d. Suppose -14*o + 10*o = m - 1711, d = -2*m + 3*o + 3433. What is the units digit of m?
5
Let o = -90 + 102. Let f be (135/10)/((-9)/o). Let p = 88 - f. What is the hundreds digit of p?
1
Let o = -28374 - -41875. What is the ten thousands digit of o?
1
Let n(m) = 245*m**2 + 12*m - 24. What is the thousands digit of n(-14)?
7
Let w be (-3)/6*1*(-3 - -3). Suppose 0*i + 4*m = -2*i + 988, w = -4*m - 20. What is the units digit of i?
4
Suppose 2*h = -p + 68190, 12108 - 284844 = -4*p - 5*h. What is the thousands digit of p?
8
Let w(r) = -3*r + 36. Let b be w(11). Suppose -b*c + 516 = -72. What is the units digit of c?
6
Suppose -t + 372 = 4*u, 0*t - 4*t = 2*u - 1516. Suppose -4*l + 5*f + 1045 = l, -3*f + 9 = 0. Suppose -4*r + t = -l. What is the tens digit of r?
4
Suppose -3*i - 2*i + 40 = 0. Let f = i + -6. Suppose 0 = -f*s - 4*t + 30, 2*s - 27 = -t. What is the units digit of s?
3
What is the thousands digit of -14 - 447075/(-27) - 8/(-12)?
6
What is the hundreds digit of (-8)/(-10) + (-24520)/(-100)?
2
Let q be 14/6 + -2 - 4/12. Suppose -3*k + 9 = -q. Suppose 0 = x + u - k*u - 51, -5*x + 5*u = -260. What is the units digit of x?
3
Let w(o) = -3*o - 18. Let g(c) = 2*c + 17. Let q(l) = 4*g(l) + 3*w(l). Let t be q(8). Suppose -t*d = 3*d - 18. What is the units digit of d?
2
Let k(i) = -2*i**3 + 8*i**2 - 12*i + 19. Let a be k(3). Let h(c) = c - 5. Let s be h(5). What is the tens digit of s + 2 + 283*a?
8
Suppose -4*n = -3*c + 7223, n = 2*c - 4*c - 1814. What is the hundreds digit of 6/9 - n/6?
3
Let u = -15 + 12. Let h(p) = p**3 + 3*p**2 - 4*p - 9. Let g be h(u). Suppose 45 = g*o - 51. What is the tens digit of o?
3
Let p(h) = 3 + 0*h**2 + 7*h**2 + 5*h - 6*h**2. Let r be p(-5). Suppose 4*t = 3*u + 118, 5*t - 4*u + r*u = 142. What is the units digit of t?
8
Let c be 22/3 + (-4)/(-6). Let g(p) = 2*p**3 + 18*p**2 + 28*p - 17. Let o be g(-7). Let u = c - o. What is the tens digit of u?
2
Let r(l) = -l**2 + 107*l - 893. What is the tens digit of r(65)?
3
What is the units digit of (8 + 693/(-18))*(5 - 983)?
9
Suppose 0 = 87*u - 94*u + 406. Suppose 5*y + 3784 = 3*g, 4*y + u = 38. What is the units digit of g?
3
Let v(h) = 136*h**3 - 41*h + 40. Let y be v(1). What is the hundreds digit of 22754/22 + y/(-495)?
0
Let a(x) = -4*x**2 - 2*x + 43. Let k(y) = 7*y**2 + 2*y - 86. Let m(g) = -5*a(g) - 2*k(g). What is the hundreds digit of m(5)?
1
Let o be (168/(-10))/(-6)*20. Suppose -o*t + 52*t = -804. What is the hundreds digit of t?
2
Let i be 1678/8 - 2/(-8). Suppose 0 = -5*n - 4*n + 2*n + 35. Suppose 4*q + 2*f = q + i, n*q - 328 = 4*f. What is the tens digit of q?
6
Let p(d) = 3*d**2 + 3*d - 4. Let q be p(5). Suppose -4*u = q - 598. What is the tens digit of u?
2
Suppose 1490 = -4*i + 3*i. What is the units digit of 7/((-60)/i*(-1)/(-6))?
3
Let p be (-12)/10*(22 + -27)*152. Let w = 1296 - p. What is the hundreds digit of w?
3
Let m = 119 + -115. Suppose l - 3*l - 2*h - 4 = 0, 0 = 4*l + h - 4. Suppose d + l*d - 2*s = 205, 268 = m*d - 4*s. What is the units digit of d?
1
Suppose 84 = p + 3*p + 2*f, 2*f = -3*p + 65. Let z(l) = 12*l**2 + l**3 - 14*l + 27*l + p - 18*l. What is the units digit of z(-11)?
5
Let h(s) = s**3 - 22*s**2 - 33. Let w be h(22). What is the hundreds digit of (-17979)/w - 12/(-66)?
5
What is the tens digit of (1080750/242 - -15) + 1/11?
8
Let s(f) = f**2 + 8*f + 13. Let c be s(-6). Let l(g) = g + 41*g**3 - g**2 + 0*g**2 + 68*g**3. What is the hundreds digit of l(c)?
1
Let y = 566 - 569. What is the units digit of -11 + 10 + -2 - 79*y?
4
What is the tens digit of ((-367)/2)/(161/(-4186))?
7
Let d(s) = s**2 - 5*s + 9. Let r be d(5). Suppose -r = -6*w + 3. What is the units digit of 59 + (-4 - w)/3?
7
Let z(a) = 629*a - 457. What is the hundreds digit of z(24)?
6
Let l be 9/5*(14 - 9). Suppose l*a = 4*a + 3*j - 31, 4*a = -4*j - 44. What is the tens digit of (-5421)/26*(a/3 + 2)?
3
Let r(y) = 4*y**2 - 57*y - 76. Let m(o) = -5*o**2 + 59*o + 77. Let q(t) = 5*m(t) + 6*r(t). What is the units digit of q(-21)?
5
Let x = -30427 - -54563. What is the tens digit of x?
3
Let w(m) be the second derivative of -4*m**3 + 7*m**2 - 2*m - 2. What is the hundreds digit of w(-17)?
4
Let n(p) be the first derivative of -p**4/12 - 11*p**3/3 - p**2 + 5*p + 6. Let j(y) be the first derivative of n(y). What is the tens digit of j(-16)?
9
Let q(g) = -309*g + 3. Let u be q(-6). Let d = -1047 + u. Suppose 4*r = -6*r + d. What is the units digit of r?
1
Let h(k) = 77*k**2 - 9*k - 17. Let u be h(-2). Suppose -u - 449 = -2*o. What is the hundreds digit of o?
3
Suppose 171 + 269 = 5*i. Let r = -24 + i. What is the tens digit of r?
6
Suppose 4*o - 5*c = 21, -o + 0 = 2*c - 2. Let q(k) = 54*k - 6. What is the hundreds digit of q(o)?
2
What is the tens digit of 1507842/336 + 9/24?
8
Suppose -864*b = -850*b - 1214808. What is the units digit of b?
2
Suppose -67 = 3*x + 11. Let z = x - -28. Suppose -2*h = -5*v - 112, -236 = -4*h + z*v + 2*v. What is the tens digit of h?
6
Let i = -9148 + 15450. What is the hundreds digit of i?
3
Let h = -473 + 473. Let k = 16 + -22. What is the units digit of h - (2/k - (-1624)/(-24))?
8
Let x = -269 - -275. Suppose -3*f = -12, v - x*v + 2*f = -3297. What is the units digit of v?
1
What is the units digit of 1*(21 - (-20)/2)?
1
Let f(g) = -8141*g + 8. Let i be f(-1). Suppose 33*r - i - 4622 = 0. What is the tens digit of r?
8
Let i(x) = 548*x**2 - 1095*x + 8787. What is the hundreds digit of i(8)?
0
Let l(u) = u**3 - 33*u**2 + 39*u + 103. Suppose 24*t - 12*t = 384. What is the tens digit of l(t)?
2
Let r = 1594 + 218. Suppose 1809*o + 2937 = r*o. What is the hundreds digit of o?
9
Suppose -23*b - 25034 = -24*b - 5*c, 6*b - 2*c = 150108. What is the units digit of b?
9
Supp